) is divided by 50?
49
Let p(x) = x**3 - 8*x**2 - 8*x + 1. Let w be p(9). Let k = -5 + w. What is the remainder when 119 is divided by (1 + -2)/(k/(-150))?
29
Let j be (-1)/4 - (-17)/4. Let c(d) = d**2 - 4. Let n be c(-3). Suppose 94 = -u + j*u + 4*x, x = -n. What is the remainder when u is divided by 10?
8
Let r(v) = -15*v + 20. Let q(a) = -29*a + 40. Let c(n) = 4*q(n) - 9*r(n). Let h be c(7). Let i = h + -58. Calculate the remainder when i is divided by 28.
27
Suppose -j = -5*y - 0*y + 22, 5*j = 4*y - 26. Let m be (-1 + j)*(-28)/(-21). Let w = m - -8. What is the remainder when 13 is divided by w?
1
Let d(t) = 3*t**3 + 13*t**2 - 2*t - 3. Let g(l) = 7*l**3 + 25*l**2 - 5*l - 6. Let r(c) = -5*d(c) + 2*g(c). What is the remainder when 5 is divided by r(-15)?
2
What is the remainder when 43 is divided by (-2958)/(-357) - 10/(-14)?
7
Suppose -149*o + 4 = -147*o. Calculate the remainder when 40 is divided by -3*2/o*462/(-63).
18
Suppose v - 5*y - 19 = 0, -5*v - 4*y + 134 = 10. Calculate the remainder when 44 is divided by v.
20
Let w(x) = -x**3 + 7*x**2 + 5*x + 1. What is the remainder when w(7) is divided by 13?
10
What is the remainder when 493 is divided by ((-228)/(-15))/((-12)/(-30))?
37
Calculate the remainder when 28 is divided by ((-6)/(-12) - 1)/((-2)/60).
13
Suppose -g - z + 64 = 0, -123 = -2*g - 2*z - z. Let c(t) = 4*t**2 + 51*t - 194. Calculate the remainder when g is divided by c(-16).
13
Suppose p - 4 - 1 = 0. Suppose 3*j = -3*h + 318, j - 2*j - 554 = -p*h. Suppose -300 = -5*s - h. Calculate the remainder when s is divided by 13.
12
Suppose -3*n = -4*x + 10 + 37, 0 = -5*x - 3*n + 79. Suppose x*b = -77 + 441. Suppose 0*v = -v + 75. What is the remainder when v is divided by b?
23
Suppose -3*i + w = -23, 2*i - 16 = 5*w - 4*w. Suppose u = -2*z + 43, z - i = 2*u + 2. What is the remainder when 36 is divided by z?
17
Let i(v) = 21*v + 328. Calculate the remainder when 4730 is divided by i(-15).
11
Let r = -126 + 204. What is the remainder when r is divided by 27?
24
Suppose -19*j + 750 = 11*j. Let o = -1 - -11. What is the remainder when j is divided by o/2 + 0 + 2?
4
Let f(j) = 5*j - 16. Let w be f(13). Suppose 2*s - w = -v - s, v - 2*s = 29. Calculate the remainder when v is divided by 10.
7
Suppose 7*w - 3*w + 24 = 0. Suppose 215 = 5*y - 3*k, 2*y - 86 = 2*k - k. What is the remainder when y is divided by (10/w)/(4/(-36))?
13
Suppose 140 = -219*q + 221*q. Calculate the remainder when q is divided by 20.
10
Suppose g = -4*g - 5*a + 250, g + 5*a - 58 = 0. Suppose -g = -4*m - 0*m. Suppose 3*b = b + m. What is the remainder when b is divided by 4?
2
Suppose 0 = -8*z + 3*z - 50. Let n = z + 12. Calculate the remainder when 14 is divided by (3 - n)/(5/20).
2
Let x = 70 - 47. Let n be 0*1/2 + -2. What is the remainder when x is divided by (-46)/(-8) + n/(-8)?
5
Let d = -9 - -10. Let p be 4 + 6*(-4 + d). Let m = p - -17. What is the remainder when 5 is divided by m?
2
Suppose 4816 = 34*q - 20*q. Calculate the remainder when q is divided by 58.
54
Let l(n) = -n**3 - 7*n**2 + 11*n - 13. Suppose 6*w + 54 = -0*w. Calculate the remainder when 96 is divided by l(w).
46
Suppose z + r - 2 = 0, 3*z + 2*r - 7 = 4*z. Calculate the remainder when (-2*(-3)/(-4))/(z/46) is divided by 18.
15
Let m(x) = 2*x**3 + x**2 - 4*x. Let a(w) = 2*w**2 - 12*w - 20. Let q be a(13). Suppose -18*h + q = -12*h. Calculate the remainder when m(3) is divided by h.
24
Let j = -453 - -471. Suppose -99 = -g - 3*z + 4*z, -4*z = -16. Calculate the remainder when (-2)/(-4) + g/2 is divided by j.
16
Let q(c) = -c**2 + 5*c + 5. Let u be q(6). Let r be 51/6 + u/2. Suppose -24*k + 23*k + r = 0. What is the remainder when 54 is divided by k?
6
Let f(t) = 3*t**2 - t + 36. Let l be f(7). Suppose 2*z + b - 88 = 0, 7*z - 3*z - 3*b = l. What is the remainder when 175 is divided by z?
43
Let l = 12 - -4. What is the remainder when 51 + (-24)/(-1 - -7) is divided by l?
15
Suppose 5*g + f - 89 = 5, 110 = 5*g + 5*f. Calculate the remainder when 70 is divided by g.
16
Let z = -131 + 210. Calculate the remainder when z is divided by 43.
36
Suppose 65*d - 67*d + 2*v = -302, -2*d - v + 305 = 0. What is the remainder when d is divided by 78?
74
Let l(k) = 5*k**2 + 2*k - 1. Let s be l(-2). Suppose p = -2*p + s, -175 = -4*h - 3*p. Let a = 67 - h. What is the remainder when a is divided by 15?
12
Let i = -4 - -6. Suppose -i*u = -4 - 156. Suppose u = z + z. What is the remainder when z is divided by 14?
12
Suppose -1 - 2 = 3*i - 3*r, -4*r = 4*i - 4. Suppose 4*v = -20, -2*b + i*v - v = -47. What is the remainder when 97 is divided by b?
19
Let i(x) = x**3 - 8*x**2 + 4*x - 22. Suppose 0 = 14*p - 17*p + 117. What is the remainder when p is divided by i(8)?
9
Suppose 133*d - 141*d = -432. Calculate the remainder when 103 is divided by d.
49
Suppose 0*f = f - 3*u - 101, 4*f = -3*u + 389. Calculate the remainder when 487 is divided by f.
95
Let j(v) be the third derivative of 4*v**2 + 7/3*v**3 + 0*v + 1/24*v**4 + 0. Calculate the remainder when j(-10) is divided by 2.
0
Suppose 3*g + 5*l = 4*g + 5, -3*l + 3 = -2*g. Let f = 152 - 150. Suppose 2*t + t - 46 = -f*w, 5*t - w - 55 = g. Calculate the remainder when 47 is divided by t.
11
Suppose 5*x = 3363 - 1063. Suppose -2*w + 184 = -2*g, 0 = -2*w + 7*w + 5*g - x. What is the remainder when w is divided by 19?
16
Let m be (-2 - 0)*2*19/(-38). Calculate the remainder when 86 is divided by (220/5)/(4/m).
20
Let v(g) = g**3 + 7*g**2 + 9*g + 9. Calculate the remainder when 77 is divided by v(-2).
0
Let y be 2 - (5 + -3) - -3. Suppose 4*b - y*m - 51 = 0, -b - m + 0*m = -18. Calculate the remainder when 43 is divided by b.
13
Suppose -5*t - 2*r + 26 = 3, 5*t - 2*r - 27 = 0. Suppose 0*y - 4*q = 2*y - 18, 10 = t*q. Calculate the remainder when y is divided by 4.
1
Calculate the remainder when 16/(-6)*(-786)/4 is divided by 25.
24
Suppose -37 = 4*u - 177. Suppose -3*s = 5*c - u, 0 = -3*s - 0*s - 15. Calculate the remainder when 16 is divided by c.
6
Let x(s) = 18*s + 54. Calculate the remainder when x(8) is divided by 20.
18
Let y(p) = 2*p + 99. Calculate the remainder when y(-24) is divided by 26.
25
Suppose j = -2*j - 3. Let v(q) = 147*q**2 - 3*q - 2. Let r be v(j). Suppose -a = 3*a - r. What is the remainder when a is divided by 19?
18
Let o = -45 - -54. What is the remainder when 26 is divided by o?
8
Calculate the remainder when -3 + 63 + (-6 - 0) is divided by 5.
4
Suppose 5*q = -3*p + 894, -4*q = -3*q + p - 180. What is the remainder when q is divided by 45?
42
Let m be (-14)/12 - (-6 - 2)/48. Let y(l) = 27*l**2 + l. Calculate the remainder when 125 is divided by y(m).
21
Let m = -2625 - -2771. What is the remainder when 301 is divided by m?
9
Let u(a) = a**3 + a**2 - 24*a + 22. Calculate the remainder when 23 is divided by u(4).
5
Let y(t) = -2*t + t - 928 + 939. Calculate the remainder when 35 is divided by y(-2).
9
Let k(j) = 13*j**2 + 4*j - 15 + 7*j**2 + 2*j + j**3 + 11*j. What is the remainder when k(-19) is divided by 6?
5
Let p = 45 - 53. Let n(h) = -2*h - 4. Calculate the remainder when 83 is divided by n(p).
11
Let j(c) = -c**3 + 4*c**2 + 31*c + 10. Let p be (1 + -3)*(-10)/4. Suppose -p + 35 = 5*a. What is the remainder when a is divided by j(8)?
0
Suppose 2*h - 104 = -6*b + 4*b, 5*h = -3*b + 164. What is the remainder when 101 is divided by b?
5
Suppose -2*z + 720 = 4*o, 2*o + 11 = -5*z + 363. Calculate the remainder when o is divided by 46.
43
Suppose -28*x + 414 = -314. What is the remainder when 74 is divided by x?
22
Let a = 352 + -326. What is the remainder when 103 is divided by a?
25
Let u be 0 + 0/(4/1). Suppose w + 270 = 5*y + 92, 5*y - 5*w - 170 = u. Calculate the remainder when y is divided by 14.
8
What is the remainder when 131 is divided by (-42)/4*20/(-35)?
5
Let t = -496 - -523. What is the remainder when 403 is divided by t?
25
Suppose 8*l = 3*l + 150. Suppose l + 78 = 6*i. What is the remainder when 35 is divided by i?
17
Let j = 8748 - 8669. Let l(k) = 2*k. What is the remainder when j is divided by l(5)?
9
Suppose 35*o = 34*o + 3. Suppose 188 = -2*p + 7*p - 2*g, -o*p - 3*g = -117. Calculate the remainder when p is divided by 1*13 - (-1 + 1).
12
Suppose 23*x = -20*x + 4042. What is the remainder when x is divided by 25?
19
Let f(r) = r*